**2 + 17*v - 21. Let z be l(17). Let c = 92 + z. What are the prime factors of c?
71
Let l be 6*(-3 - (-11)/2). Suppose 3*i + i = 3*y - 95, -3*y + l = 0. Let n = i - -27. List the prime factors of n.
7
Let w be ((-8)/20)/((-1)/540). Let a = w - 74. Suppose -n + a = 3*n - 2*m, 134 = 3*n + 4*m. What are the prime factors of n?
2, 19
Let u(i) = -i**3 + 20*i**2 + 49*i - 11. Let x be u(21). Suppose -11*p + x + 2481 = 0. What are the prime factors of p?
2, 139
Suppose j = -4*y + 5522, -13 = -j - 15. What are the prime factors of y?
1381
Let k(m) = m + 9. Let v be k(-4). Suppose 25 = 5*b + 5*g, 0 = -v*g + 15 + 5. List the prime factors of (b - -3)/4*33.
3, 11
What are the prime factors of 0 - (1 + -1) - -2 - -1725?
11, 157
Let x = -5 + 12. Let d = -8 + x. List the prime factors of d*(-6)/(3/1).
2
Let o = -39 - -141. Suppose n = -3*r + o, -2*n = -4*r - n + 143. List the prime factors of r.
5, 7
Suppose v - 572 = -3*v. Let s be 2/8 + v/4. Suppose -3*h = -h - s. List the prime factors of h.
2, 3
Let z(i) = 25*i**2 - 19*i - 56. What are the prime factors of z(-6)?
2, 479
Let u(b) = 3*b - 7. Let g be u(4). Suppose x + x + d = 243, 607 = g*x + 3*d. List the prime factors of x.
2, 61
Let c(b) be the second derivative of b**4/6 - 13*b**3/3 - 2*b**2 - 7*b + 1. List the prime factors of c(16).
2, 23
Suppose -32*v = -2639 - 2609. What are the prime factors of v?
2, 41
Let o be (-24)/(-12)*113/(-2). Let r = o - -137. List the prime factors of r.
2, 3
Suppose -2666 = -3*h - 5*i, h - 2*i - 86 - 810 = 0. What are the prime factors of h?
2, 223
Let r = 81 - -12. Suppose 6*o + r = 603. What are the prime factors of o?
5, 17
Let s(h) be the second derivative of h**4/12 + h**3/3 - 3*h**2 - 2*h. Let g(d) be the first derivative of s(d). What are the prime factors of g(14)?
2, 3, 5
List the prime factors of -33*(2 - 4 - 17).
3, 11, 19
Let i(y) = -2*y**2 + 26*y - 30. List the prime factors of i(11).
2, 7
Let u(n) = -n**2 + 6*n + 9. Let q be u(7). Suppose 3*m - 4*p = 7*m - 60, -8 = -q*p. Suppose 5*o + m = k, 8 = k - o - o. What are the prime factors of k?
2, 3
Let n = -37 + 64. Let i = n - -44. List the prime factors of i.
71
Let f(o) = 54*o - 9. Let b be f(-3). Let g be (-2)/3*b/(-6). Let x = 70 + g. List the prime factors of x.
3, 17
Suppose -2*b - z = -24, 4*b + 3*z - 2 = 5*b. Let a = -12 + b. List the prime factors of ((-20)/8)/(a/8).
2, 5
List the prime factors of ((-12)/(-15))/(((-12)/3230)/(-3)).
2, 17, 19
Let p be (-2 - 229/2)/((-3)/12). Let m = 778 - p. List the prime factors of m.
2, 3, 13
Suppose -2*p = 4*l - 3678 + 1074, -3*p - 4*l = -3900. What are the prime factors of p?
2, 3
Suppose -2*a - 5*z = -187, -2*a + 7*a - 418 = 4*z. Suppose -t = t - a. What are the prime factors of t?
43
Let r be 14060/171 - 2/9. Suppose 11*n + r = 13*n. List the prime factors of n.
41
Let u = 1810 + -674. What are the prime factors of u?
2, 71
List the prime factors of (717 - (0 + -1)) + -172 + 168.
2, 3, 7, 17
Suppose -102 = 3*k + 12. Let l = 157 - 97. Let y = l + k. What are the prime factors of y?
2, 11
Suppose 123 = -5*x - 172. What are the prime factors of 3 - x*(-3 + 4)?
2, 31
Let r be (-3)/2 - (-777)/14. Let m(a) = -a - 6. Let g be m(-6). Suppose 5*c - 1 - r = g. What are the prime factors of c?
11
Let r(o) = o**2 - 100. What are the prime factors of r(-17)?
3, 7
List the prime factors of -157*(-5 - (-1 - 0)).
2, 157
Let i(p) = -6*p - 5*p**2 + 2 + 0*p**3 - 2*p**3 + p**3. Suppose -110 = 9*b + 13*b. What are the prime factors of i(b)?
2
Suppose 0 = 7*l - 19 - 9. Suppose 0 = 4*r - l*f + 4, 3*r + 2*f + 5 = -23. Let v(k) = k**2 + 2*k - 11. What are the prime factors of v(r)?
13
Suppose 15*l - 14*l - 184 = 0. List the prime factors of l.
2, 23
Suppose -p + 1 = -2. Let v(j) = -5 + 3*j**2 + 5*j - j**p + 1 + 5. List the prime factors of v(4).
5
Let d(q) = -4*q + 30. Let y be d(6). Suppose -y*m + 3*m = -144. What are the prime factors of m?
2, 3
Let y(k) = -28*k**2 + 4. Let b be y(-2). Let n = 166 + b. What are the prime factors of n?
2, 29
Let w(o) = 6*o**2 - 3*o - 4. Let v be w(-3). Let a = 113 - v. List the prime factors of 268/9 - (-12)/a.
2, 3, 5
List the prime factors of (72/(-3))/(27/(-90)).
2, 5
Let u = 21 + 28. Let y = u - 19. List the prime factors of y.
2, 3, 5
Suppose -3*n + 5*l + 12639 = 4032, -l - 11459 = -4*n. What are the prime factors of n?
2, 179
Suppose 0 = 3*b + 5*t - 513, -186*b + 184*b = 2*t - 346. List the prime factors of b.
2, 11
Let a(d) = 5*d**2 + 7*d + 7. Let w(x) = -14*x**2 - 22*x - 22. Let p = -5 + -6. Let j(n) = p*a(n) - 4*w(n). What are the prime factors of j(-11)?
11
Let b(y) = -3*y**3 + 19*y**2 - 18*y - 49. Let t(d) = -5*d**3 + 18*d**2 - 19*d - 48. Let c(n) = 3*b(n) - 2*t(n). What are the prime factors of c(-21)?
3, 5, 19
Suppose -1 - 3 = -2*q. Let p(u) = -18*u + 3*u - 5*u - q. What are the prime factors of p(-3)?
2, 29
Let v(s) = 2*s + 2. Let m be v(0). Suppose 0 = -4*z - 7*j + m*j + 167, 0 = 5*j + 5. What are the prime factors of z?
43
Let c(i) = i**2 + 4*i - 3. Let f(j) = -j**3 - 2*j**2 + 3*j + 2. Let o be f(-3). Let z be c(o). Suppose -z = 4*n - 41. What are the prime factors of n?
2
Let q = 10 + -12. Let o be q/(-4)*4 - -54. Let n = o - 30. List the prime factors of n.
2, 13
Suppose -5*l + 15 = q, -l - 19 = q - 3*q. What are the prime factors of q/(-6)*3*(-12 + -1)?
5, 13
Suppose -1605 = -2*w - 3*a, -2416 = 3*w - 6*w + 4*a. What are the prime factors of w?
2, 3, 67
Let q = 1023 + -549. List the prime factors of q.
2, 3, 79
Suppose r - 1 = 0, 5*r = -3*k + 2*r + 627. Suppose 9*q - k = q. What are the prime factors of q?
2, 13
Suppose 2516 = 2*u + 3*o, 4*u - 15*o - 5012 = -16*o. List the prime factors of u.
2, 313
What are the prime factors of (-24)/(-108)*15486*9/6?
2, 29, 89
Suppose 14453 = 36*j - 22375. List the prime factors of j.
3, 11, 31
Let l = 827 - 347. What are the prime factors of l?
2, 3, 5
Let q = -31 + -29. Suppose y - 37 = 59. Let z = q + y. What are the prime factors of z?
2, 3
Let k(f) = 3*f - 9. Let w be k(3). Suppose 0*h - 6*h + 12 = w. Suppose 61 - 5 = h*t. What are the prime factors of t?
2, 7
Suppose 5*a - 4598 = 4*w - 0*w, 2*w + 1840 = 2*a. What are the prime factors of (a/63*14/2)/1?
2, 3, 17
Suppose -5*k - 4 = -j, 0*k + 2*j = k + 8. Suppose k*c = 3*c - 282. What are the prime factors of c?
2, 47
Suppose -g - 6 = 2*g, -5*h - 4*g = -11882. List the prime factors of h.
2, 29, 41
List the prime factors of 24/88 - (-21612)/11.
3, 5, 131
Let n(b) = -b**3 + 4*b**2 - 2. Suppose -6*f + 11 + 7 = 0. List the prime factors of n(f).
7
Let i(g) = -2*g - 2. Let u = 14 + -17. Let r be i(u). Suppose 5*w - b = 18, -r*w + b - 1 = -15. What are the prime factors of w?
2
Suppose 5*x + 4 = 4*x, -2*x = -5*l + 28. Suppose 6*c + l = 2*c. What are the prime factors of c/((-3)/33) + 1?
2, 3
Suppose 3*k - 752 - 1078 = 0. What are the prime factors of k?
2, 5, 61
Let u be ((-96)/(-4))/(-6) + (3 - 1). What are the prime factors of ((-21)/6)/(-7) + (-15)/u?
2
Let u(j) = -88*j + 71. What are the prime factors of u(-6)?
599
Let c(y) = -30*y**3 + y**2 + y + 1. Let s be c(-1). Let b(r) = r**3 - 2*r**2 + s - r + 3*r**2 + 9. What are the prime factors of b(0)?
2, 5
Let z(x) = x**3 + 2*x**2 + 8*x + 21. What are the prime factors of z(9)?
2, 3, 41
Let t(o) = -o**3 - 3*o**2 - 13*o - 11. Let x(p) = 2*p**3 + 7*p**2 + 25*p + 23. Let d(l) = -7*t(l) - 4*x(l). What are the prime factors of d(-6)?
3
Let g = 191 - 58. Suppose 260 = -g*b + 135*b. List the prime factors of b.
2, 5, 13
Let c(m) = 4*m + 26. Let b be c(11). What are the prime factors of 77 - (28/b - 8/(-5))?
3, 5
Let g(h) = h + 3. Let c be g(-2). Let j be 140/(-25) + (-4)/10. List the prime factors of 15 - (j + 4/c).
17
Let t = 14 + -12. Suppose -30 = -5*u - t*z, 0*z = 5*u + 3*z - 35. Let d = 7 + u. What are the prime factors of d?
11
Suppose -2*d = -4*j - 498, -2*j = -d + 6*d - 1221. What are the prime factors of d?
5, 7
Let a be (-756 + -1)*(-40)/10. Suppose 0 = -9*s + a + 122. List the prime factors of s.
2, 5, 7
Let t be 8/12 + (-2)/3. Let c = -127 - -130. Suppose t = 5*j - c*j - 108. What are the prime factors of j?
2, 3
Suppose 3*f - 55 = 2*x - x, -2*f + 58 = -x. Let j = x - -154. List the prime factors of j.
2, 3, 5
Let z be (-10)/(-20) - (-22)/4. Suppose z*u - 2*u - 92 = 0. List the prime factors